o(k) = k**2 - 6*k + 4. Calculate o(z).
4
Let d(o) = o. Let m(w) = 3*w - 32. Let g be m(18). Let h be (-4)/g + (-2 - 90/(-11)). Give d(h).
6
Let y(c) be the second derivative of 3*c**2 + 5/12*c**4 + 0 + c + 2/3*c**3 + 1/20*c**5. Let d be (1/(-2))/(((-1739)/376)/(-37)). Calculate y(d).
6
Let z be 7/21 + -1 + 16/(-3). Let p be (z - (-100)/15)*(-3)/2. Let r(g) be the second derivative of -g**4/2 + g**3/3 + g**2/2 + g. Determine r(p).
-7
Let j(o) = o**2 - 7*o - 1. Let f(u) = 5*u**2 - 36*u - 5. Suppose -2*m - 22 = -4*m. Let h(x) = m*j(x) - 2*f(x). Determine h(4).
-5
Suppose 16 = o - 2. Suppose 22*u + 52 = 26*u. Let t = o - u. Let r(s) = 3*s - 7. Calculate r(t).
8
Let z(d) be the third derivative of d**6/360 - 2*d**4/3 + d**3 + 2*d**2. Let u(w) be the first derivative of z(w). Give u(0).
-16
Let m(f) = -f**2 + f - 1. Let y = 8 - 4. Let k(c) = 4*c - 3 - c**2 - y + 6 - 4. Let d(u) = -k(u) + 3*m(u). Give d(-2).
-4
Suppose 0 = 31*z - 35*z - 4*n - 8, 5*z = -3*n - 14. Let i(c) = -c**2 - 2*c - 1. Determine i(z).
-9
Let s(g) = 2099*g + 0*g**2 - g**2 - 25 + 6 - 2114*g. Determine s(-13).
7
Let s be (-45)/(-10) + (-6)/4. Let q(b) = 2*b. Let h(z) = 14*z + 1. Let r(a) = h(a) - 6*q(a). What is r(s)?
7
Let w(t) = -t**2 + 31*t - 54. Let g be w(29). Let l(r) = -r**3 + 2*r**2 + r + 3. What is l(g)?
-25
Let d(n) = -n - 1. Let p = 5 + -36. Let w = p - -17. Let c = w + 8. Determine d(c).
5
Let b(o) = -2*o - o**3 - 5*o + 5*o**2 - o**2 + o + 12 - 9. Determine b(2).
-1
Let g(z) = 23*z - 8. Let l(q) = -5*q - 1. Let s(x) = g(x) + 5*l(x). Determine s(-10).
7
Let n be -2 - (-70)/(-40)*-4. Let g(a) = a**3 - 4*a**2 + 3. Calculate g(n).
28
Let j be (-100)/(-35) - 2/(-14). Suppose 0 = -0*n + j*n. Let a(w) be the second derivative of w**4/12 - w**3/6 - w**2/2 + 2*w. Determine a(n).
-1
Let a(r) = -r**2 + 4*r - 3. Let o(i) = -i**2 + 2*i + 1. Let h(m) = m. Let w(q) = h(q) + o(q). Let p be w(2). Calculate a(p).
0
Let d(s) = 25 - 45 + 14 + 2*s + s**2. Let p(f) = -f + 5. Let w(c) = 10*c**2 - c + 1. Let o be w(1). Let a be p(o). Determine d(a).
9
Let z(k) = k**3 + k**2 - k + 1. Let f be (2/(-6))/(1/(-474)). Suppose -2*y = -5*m + f, -y - 2*y = 2*m - 67. Let a be (m/12)/4*-3. Determine z(a).
-1
Suppose 0*s + 10 = 2*s. Let h(b) = 5*b**3 + 5*b**2 + 6*b + 12. Let l(t) = 13*t**3 + 15*t**2 + 16*t + 34. Let i(m) = -8*h(m) + 3*l(m). Determine i(s).
6
Let m be 1*12/45*325/520. Let g(p) be the second derivative of -m*p**3 - p**2 - 13*p + 0. Determine g(-3).
1
Let w(r) be the third derivative of 7*r**4/12 + r**3/3 - 171*r**2. What is w(-2)?
-26
Let b(r) = -r**2 - 3*r - 5. Let u = -38 - -28. Let z be (-36)/10 - (3 - (-26)/u). Calculate b(z).
-9
Let f(w) = -10*w**2 + 0*w**2 - w**2 - w. Let z be 5 - (16 - 14)*(-1 - -3). Calculate f(z).
-12
Suppose 3*s - 5*s + 8 = 0. Let p(o) = o + s*o - 4*o - 2*o + 4. Let m be ((-8)/(-6))/((-2)/(-9)). What is p(m)?
-2
Let y(t) be the first derivative of 1/4*t**4 + 4/3*t**3 + 11 + 2*t + 1/2*t**2. Calculate y(-4).
-2
Let r(u) = -6*u + 2. Let j be r(0). Let b(q) = -j*q + 7 + 2*q + 5*q - 4*q. Give b(-5).
2
Let u(z) = -4*z + z**3 - z - 3 + 5*z**2 - 6*z + 0*z + 14*z. What is u(-5)?
-18
Let d(m) = -m - 4. Let g(x) = 4*x + 1. Let j be g(-2). Let y(a) = -4*a - 11. Let p(o) = j*d(o) + 2*y(o). Let f = 127 - 122. Determine p(f).
1
Let l(k) be the first derivative of k**2 - 3*k + 2. Suppose 0*t + 5 = t. Suppose -t + 3 = -i. Calculate l(i).
1
Let n(o) be the second derivative of o**4/12 - 4*o**3/3 + 3*o**2/2 + o. Suppose 169*i - 518 = 95*i. Give n(i).
-4
Suppose 3*x + 7 = 4*u, -105*x + 110*x - 5*u = -10. Let r(g) = 6*g**3 + g**2 - 3*g + 1. Let a(k) = -k. Let b(s) = -5*a(s) + r(s). What is b(x)?
-6
Suppose -1 = -3*l + 2*l. Let i(p) = p**3 + 9*p**2 - 9*p + 12. Let g be i(-10). Let r(m) = -5*m**2 + l - 6*m**g - 7*m**2. Calculate r(1).
-17
Let j(o) = -15 + 18 - 49*o + 50*o. What is j(3)?
6
Let l be 6 - (0/1 + 2). Suppose h + 7 = 2*h. Let f(u) = -u + u**2 - h*u + 5 + u + 1. Calculate f(l).
-6
Suppose -174 + 244 = -35*a. Let l(s) be the third derivative of 1/8*s**4 - 1/60*s**5 - 1/120*s**6 + 0*s - s**2 + 0 + 1/6*s**3. Determine l(a).
-1
Let r(f) be the third derivative of f**7/420 + f**6/180 + f**5/120 - 2*f**3/3 - 19*f**2. Let u(t) be the first derivative of r(t). What is u(-2)?
-10
Let n(y) be the first derivative of y**3/3 - 6*y**2 + 8*y - 191. Give n(6).
-28
Let r(j) = 18*j + 1 - 2*j - 5 - 4*j. Let m be r(1). Let n(t) = -10 + t - m - 2 + 18. Give n(0).
-2
Let b(a) = a**3 + 8*a**2 - 9*a - 11. Suppose -y + 0*l = 5*l + 9, -2*l = -y - 9. Give b(y).
-11
Suppose 5*j + c - 43 = 2*j, 0 = 2*j - c - 27. Let k(h) = -h**3 + 14*h**2 - 3*h + 9. Calculate k(j).
-33
Let s = -400 - -394. Let y(f) = -2*f - 20. What is y(s)?
-8
Let s(l) = 34*l + 9. Let z(q) = 19*q + 5. Let m(w) = -4*s(w) + 7*z(w). Calculate m(-2).
5
Let l be ((-9)/((-27)/(-12)) - -3) + 0. Let i(p) = -3*p - 2. Calculate i(l).
1
Let m(l) = -4*l + 1. Let q(c) = 19*c - 4. Let t(n) = -5*m(n) - q(n). Calculate t(-9).
-10
Let o(f) = -3*f + 14. Let w(s) = s**3 + 4*s**2 - 12*s + 5. Let g be 30/(-4)*(-4)/(-5). Let m be w(g). Let l be o(m). Let n(b) = -3*b**2 + 2*b + 1. What is n(l)?
-4
Let x = -401 - -413. Let g(w) = -12*w + 4*w - 12 - 3*w + 3 + w**2. Give g(x).
3
Let n(l) = -2*l**2 - 128*l + 100. Let q be n(-65). Let x(o) = o**3 + 31*o**2 + 31*o + 26. What is x(q)?
-4
Suppose 34*k - 16 = 31*k - 2*g, 5*g + 5 = 0. Let v(y) = -y**3 + 7*y**2 - 5*y - 1. Determine v(k).
5
Let f(q) = -9*q**2 + 8*q - 19. Let r(x) = -5*x**2 + 4*x - 10. Let p(c) = -6*f(c) + 11*r(c). Suppose 0 = -2*o - o - 15. Determine p(o).
-1
Let s(z) = 110 - 193 + z**2 + 9*z + 89. What is s(-9)?
6
Let g(m) = 6 - 17*m + 16*m + 0 - m**2. Let n(p) = -p**3 - 8*p**2 - 12*p - 2. Let y be n(-6). Let k be y/(-14) + 36/(-7). Determine g(k).
-14
Let x(m) = -5*m**3 + m**2. Let y(p) = -4*p - 45. Let h be y(-12). Let d(c) = -c + 4. Let k be d(h). Determine x(k).
-4
Let d(l) = l**3 + 8*l**2 + 9*l - 5. Let n be d(-7). Let g = n - -10. Let m be 6/g - 2/6. Let f(v) = -10*v**2 - 2*v - 1. Give f(m).
-9
Let k(z) = 406 - 9*z**2 + 8*z**2 - 407 - 8*z. Calculate k(-5).
14
Let k(m) = 2*m - 1. Let y(b) = -2*b - 3. Let p be y(-2). Let z be k(p). Let h(q) = 11*q**3. Determine h(z).
11
Suppose 6*g + 0 = -18. Let z(h) = -2*h**3 - 6*h**2 + 2*h + 5. Let w(t) = -t**3 - 3*t**2 + t + 3. Let f(c) = 11*w(c) - 6*z(c). Determine f(g).
6
Let g(t) be the first derivative of t**4/4 + 7*t**3/3 + 7*t**2 + 3*t + 664. Calculate g(-4).
-5
Suppose -t + 3*i = -15, -t - 3*i - 2 = -5. Let v(w) = w**2 + t*w + 4*w + 3 - 6*w. Calculate v(-6).
-3
Let v(h) = 17*h - 13. Let x(r) = 9*r - 7. Let g(k) = -6*v(k) + 11*x(k). Let b(l) = -51*l - 258. Let s be b(-5). What is g(s)?
10
Let s(u) = u**3 + 3*u**2 - 4*u + 1. Let z be 8*(11 + -5)/(-12). What is s(z)?
1
Let c = 6 + 0. Let s(a) = 17 - 8 - 15*a**2 + a**3 - 2 + 9*a**2. Determine s(c).
7
Let a be 0/((-1)/(1 + 0)). Let r be 4 + 2 + (a - 3). Let b(u) = 2*u**2 + 3*u - 3. Give b(r).
24
Let l = 381 + -392. Let m(q) = q**2 + 10*q - 16. Determine m(l).
-5
Let b(j) be the second derivative of -j**3 - j**2/2 + 77*j + 2. Determine b(1).
-7
Let b be 1/(3/(-6)) + 10. Suppose -h = -5, -b*h + 3*h + 40 = -5*i. Let w(x) be the second derivative of -x**3/6 + 40*x + 1. Calculate w(i).
3
Suppose 103 - 15 = -8*k. Let f(r) = -r**3 - 12*r**2 - 8*r - 7. Give f(k).
-40
Suppose -2*q - 1 = 1, 0 = -2*j - 5*q - 1. Suppose 0 = 412*p - 409*p - 6. Let k(w) = -5*w - w**p + j*w + 13*w - 2 - 5*w. What is k(3)?
4
Suppose -4*x = n - 17, -5*n - 10 = 7*x - 6*x. Suppose -2*w - 5*f = -x*w - 10, -5*w = f - 2. Let u(m) = m**2. Determine u(w).
0
Let g(n) be the second derivative of -n**3/3 - n**2 - n - 41. Give g(2).
-6
Let m(t) = -t**3 - 4*t**2 - 3*t - 2. Let r = -426 - -424. What is m(r)?
-4
Let x be (-170)/(-24) - (-45)/(-540). Let l(v) = -v**2 + 6*v + 10. Calculate l(x).
3
Let k be (-4)/(-8) + (-242)/(-4). Let h(g) = -3*g + 0*g + k*g**2 - 62*g**2 - 1. What is h(-4)?
-5
Let p(y) be the first derivative of -y**5/120 - y**4/24 + 2*y**3 - 7. Let v(s) be the third derivative of p(s). Determine v(-7).
6
Let i(o) = o**2 + 8*o + 4. Let b(g) = -2*g - 11. Let u be b(-7). Suppose -l = -v - 3, -v - u*v = 4*l - 36. Let j = l + -13. Determine i(j).
-3
Let w(c) = -8*c + 2. Let i(v) = v**2 + 22*v - 27. Let b be i(-23). Determine w(b).
34
Let d(x)